mber?
True
Is 5239051 composite?
False
Is 12010067 prime?
False
Is 206291 prime?
True
Is 415108201 prime?
True
Is 114809 a prime number?
True
Is 55520233 a prime number?
True
Is 13687061 prime?
True
Is 465977 a prime number?
True
Is 111150707 a prime number?
False
Is 8906017 prime?
True
Is 53318215 composite?
True
Is 9864937 a prime number?
True
Is 64001059 composite?
False
Is 131670629 a prime number?
True
Is 23009611 a composite number?
False
Is 26388569 a composite number?
False
Is 422903 a prime number?
False
Is 319353791 composite?
True
Is 27576001 a prime number?
True
Is 66480839 prime?
True
Is 29031077 a composite number?
False
Is 891541 composite?
True
Is 312348187 composite?
False
Is 10489991 a prime number?
True
Is 1217893 a composite number?
False
Is 8021557 prime?
False
Is 2643102389 a prime number?
True
Is 31936327 composite?
True
Is 465571 composite?
True
Is 1954177 prime?
True
Is 2982451 prime?
True
Is 20441609 prime?
False
Is 171229469 prime?
True
Is 207187 prime?
True
Is 1881307 a composite number?
False
Is 13916951 prime?
False
Is 47767301 prime?
False
Is 1245323 composite?
True
Is 9623359 a prime number?
False
Is 8084579 a composite number?
False
Is 1385871 prime?
False
Is 96798613 composite?
True
Is 225569 a prime number?
True
Is 1176428221 prime?
True
Is 735377 a prime number?
False
Is 723047513 a prime number?
True
Is 98042885 a composite number?
True
Is 36593761 a composite number?
True
Is 3482827 composite?
True
Is 7041091 a composite number?
False
Is 339019 composite?
True
Is 34516649 a composite number?
True
Is 10951021 composite?
False
Is 60825239 a composite number?
False
Is 120011 composite?
False
Is 16408169 a prime number?
True
Is 24759557 prime?
True
Is 4348813 a prime number?
False
Is 14084249 prime?
True
Is 89683067 prime?
True
Is 523561807 a prime number?
False
Is 192862763 composite?
False
Is 20372543 a prime number?
True
Is 1700287 prime?
True
Is 60294317 prime?
True
Is 9285491 a composite number?
True
Is 11029999 a prime number?
True
Is 8872387 prime?
True
Is 188993771 composite?
True
Is 59131805 a composite number?
True
Is 1099213 a prime number?
False
Is 2622673 a composite number?
True
Is 24637259 prime?
False
Is 17442911 a prime number?
False
Is 36534637 composite?
False
Is 19278793 composite?
False
Is 666293 a composite number?
True
Is 103452071 composite?
False
Is 386579803 a prime number?
True
Is 748102427 a composite number?
False
Is 1862827 prime?
False
Is 9553867 a prime number?
True
Is 373157 a prime number?
True
Is 11689105 composite?
True
Is 559050149 prime?
False
Is 7753807 a composite number?
True
Is 121401971 composite?
False
Is 956765735 a prime number?
False
Is 108582071 a prime number?
False
Is 62632967 composite?
False
Is 2731151 composite?
True
Is 2690313 a prime number?
False
Is 533909 composite?
False
Is 451262789 a composite number?
False
Is 370261 a composite number?
False
Is 51777463 prime?
True
Is 1372531 prime?
True
Is 49437611 prime?
False
Is 8004839 a prime number?
False
Is 221615473 a composite number?
True
Is 60508153 composite?
False
Is 751609 a composite number?
False
Is 55320697 a composite number?
True
Is 184468951 a composite number?
False
Is 2353553 prime?
False
Is 182781793 prime?
True
Is 259667 prime?
True
Is 11202391 composite?
True
Is 3904367 composite?
True
Is 243965167 a composite number?
False
Is 25903027 a composite number?
False
Is 57810549 a composite number?
True
Is 14818757 prime?
True
Is 2550367 composite?
False
Is 993467 a composite number?
False
Is 26240651 a prime number?
True
Is 26287291 a composite number?
True
Is 2015177 prime?
True
Is 230958023 a composite number?
False
Is 174131 prime?
False
Is 1953299 a prime number?
True
Is 85067987 a prime number?
False
Is 2621089 prime?
False
Is 241249 a prime number?
True
Is 2767699 a prime number?
False
Is 5935021 a composite number?
True
Is 54334803 a composite number?
True
Is 7959323 composite?
False
Is 840021827 composite?
False
Is 712247 composite?
True
Is 384737 a prime number?
True
Is 2421439 prime?
True
Is 26785399 composite?
False
Is 483097 a composite number?
False
Is 29244619 prime?
True
Is 4693609 prime?
True
Is 6005771 prime?
False
Is 1338613 prime?
False
Is 214451389 a prime number?
False
Is 7713001 composite?
True
Is 78804221 composite?
True
Is 54010459 prime?
False
Is 31403191 prime?
False
Is 107475463 prime?
True
Is 3302821 prime?
True
Is 38435114 composite?
True
Is 212226019 a prime number?
True
Is 4457813 prime?
True
Is 584777 prime?
True
Is 44182687 composite?
True
Is 4543559 a composite number?
False
Is 1519751 a prime number?
True
Is 83561057 composite?
True
Is 81281 prime?
True
Is 1180381 composite?
False
Is 23275781 composite?
True
Is 38422087 composite?
True
Is 251747 composite?
True
Is 65649509 composite?
False
Is 7203769 composite?
False
Is 8894059 prime?
True
Is 126248263 a prime number?
False
Is 111986377 composite?
False
Is 352749101 a composite number?
False
Is 374795003 prime?
False
Is 2162497 a prime number?
True
Is 91845751 a prime number?
True
Is 16068163 a prime number?
True
Is 204996019 composite?
False
Is 10770873 composite?
True
Is 2029085 prime?
False
Is 4037651 composite?
True
Is 9519567 composite?
True
Is 2695747 a composite number?
True
Is 1910471 a composite number?
False
Is 19401287 a composite number?
False
Is 83933879 composite?
True
Is 5256583 a composite number?
False
Is 366161 a prime number?
True
Is 4480969 a prime number?
False
Is 34851239 prime?
True
Is 1047031 composite?
False
Is 61547323 a composite number?
False
Is 119885 prime?
False
Is 1014593 a prime number?
True
Is 1937909 a prime number?
False
Is 2962061 a prime number?
False
Is 18141053 prime?
False
Is 41788381 a prime number?
False
Is 9991379 composite?
False
Is 14634803 a composite number?
False
Is 16530487 prime?
True
Is 4739099 prime?
True
Is 177840833 a prime number?
False
Is 43513007 a prime number?
True
Is 30404365 prime?
False
Is 3448957 a prime number?
True
Is 23220331 prime?
False
Is 8884903 a composite number?
True
Is 9245051 composite?
True
Is 5870105 prime?
False
Is 341256203 a prime number?
False
Is 6454709 a composite number?
False
Is 1197438371 a prime number?
True
Is 248782331 a composite number?
True
Is 7191127 a composite number?
False
Is 284681613 a composite number?
True
Is 354037357 composite?
False
Is 333271 a composite number?
False
Is 16322407 a composite number?
False
Is 28087559 prime?
True
Is 2781577 a prime number?
True
Is 3002731 a prime number?
False
Is 29779439 composite?
True
Is 20512841 composite?
False
Is 2571439 a composite number?
True
Is 857359 prime?
False
Is 8094403 a prime number?
False
Is 21126169 a composite number?
False
Is 22889959 a prime number?
False
Is 347754409 a prime number?
False
Is 3763519 a prime number?
False
Is 2211349 composite?
True
Is 4497973 a prime number?
True
Is 33486191 composite?
False
Is 12723509 a composite number?
False
Is 8488477 composite?
False
Is 675202673 composite?
False
Is 49259669 prime?
True
Is 10109207 composite?
False
Is 1497247 a composite number?
True
Is 71206631 a prime number?
False
Is 243511 a prime number?
False
Is 4626407 a composite number?
False
Is 169299197 a prime number?
False
Is 979508629 a composite number?
True
Is 895189 a composite number?
False
Is 1730080295 composite?
True
Is 69186197 a composite number?
True
Is 1606273 a composite number?
False
Is 14801953 a composite number?
False
Is 485083159 a composite number?
True
Is 17706167 composite?
False
Is 23924471 a prime number?
True
Is 2306099 a composite number?
True
Is 8127841 a composite number?
False
Is 50437819 a composite number?
False
Is 232276073 a prime number?
True
Is 11737819 a prime number?
True
Is 33007339 a prime number?
True
Is 35025929 a composite number?
True
Is 645419 prime?
True
Is 8934773 composite?
False
Is 75009589 a prime number?
True
Is 18023 a prime number?
False
Is 20670479 composite?
False
Is 14790211 a prime number?
True
Is 1003393 a composite number?
True
Is 8545435 a prime number?
False
Is 24545291 a prime number?
True
Is 1667797 a composite number?
True
Is 1917659 prime?
True
Is 22379521 a composite number?
True
Is 3013783 composite?
False
Is 4180909 composite?
False
Is 15369439 a composite number?
False
Is 30082543 com